243?
9
What is the tens digit of 345162168?
6
What is the billions digit of 1788166613?
1
What is the tens digit of 47409080?
8
What is the ten millions digit of 111831931?
1
What is the millions digit of 270765747?
0
What is the hundred millions digit of 152922412?
1
What is the tens digit of 882887268?
6
What is the ten thousands digit of 1243605864?
0
What is the tens digit of 52597291?
9
What is the hundreds digit of 82514940?
9
What is the tens digit of 35179046?
4
What is the tens digit of 124346884?
8
What is the billions digit of 1764532701?
1
What is the hundreds digit of 2598690?
6
What is the tens digit of 4113656943?
4
What is the ten thousands digit of 135824696?
2
What is the billions digit of 4933888917?
4
What is the hundreds digit of 449520664?
6
What is the ten thousands digit of 313033258?
3
What is the millions digit of 98649514?
8
What is the ten millions digit of 58069264?
5
What is the hundred thousands digit of 89612011?
6
What is the units digit of 535955523?
3
What is the ten millions digit of 282973201?
8
What is the hundred thousands digit of 58890949?
8
What is the hundred thousands digit of 4431003212?
0
What is the millions digit of 112182323?
2
What is the hundred millions digit of 717083931?
7
What is the hundred thousands digit of 1142446733?
4
What is the hundreds digit of 49823437?
4
What is the hundred millions digit of 326198695?
3
What is the units digit of 112593452?
2
What is the hundreds digit of 702177325?
3
What is the ten millions digit of 39532121?
3
What is the units digit of 225337469?
9
What is the ten thousands digit of 3310256949?
5
What is the hundreds digit of 199016348?
3
What is the hundred thousands digit of 394562799?
5
What is the hundred thousands digit of 919044470?
0
What is the billions digit of 1477814872?
1
What is the billions digit of 1553674343?
1
What is the thousands digit of 5336763149?
3
What is the ten thousands digit of 338275579?
7
What is the hundreds digit of 66637016?
0
What is the hundreds digit of 1466130?
1
What is the hundred millions digit of 141425149?
1
What is the tens digit of 5822224164?
6
What is the hundred thousands digit of 434415946?
4
What is the tens digit of 700296936?
3
What is the millions digit of 1820503?
1
What is the units digit of 701307495?
5
What is the hundred thousands digit of 118479019?
4
What is the thousands digit of 1366613439?
3
What is the hundreds digit of 7571192?
1
What is the hundred thousands digit of 57832722?
8
What is the hundreds digit of 651982914?
9
What is the tens digit of 67658361?
6
What is the thousands digit of 35944517?
4
What is the thousands digit of 146463026?
3
What is the millions digit of 201543838?
1
What is the hundred thousands digit of 127212528?
2
What is the hundred millions digit of 111350606?
1
What is the tens digit of 316924440?
4
What is the thousands digit of 6381973?
1
What is the hundred thousands digit of 7743968?
7
What is the ten thousands digit of 2063759290?
5
What is the thousands digit of 770337921?
7
What is the millions digit of 46856664?
6
What is the hundred thousands digit of 424098164?
0
What is the hundred millions digit of 5226449265?
2
What is the billions digit of 1521813082?
1
What is the thousands digit of 73230286?
0
What is the hundreds digit of 4652257489?
4
What is the ten thousands digit of 516368339?
6
What is the billions digit of 4793968549?
4
What is the millions digit of 132673166?
2
What is the millions digit of 24027088?
4
What is the units digit of 267168400?
0
What is the tens digit of 859323000?
0
What is the hundred millions digit of 3593252420?
5
What is the thousands digit of 7314045?
4
What is the ten millions digit of 62560268?
6
What is the hundred thousands digit of 1080563112?
5
What is the ten millions digit of 264845570?
6
What is the thousands digit of 1064135223?
5
What is the millions digit of 264211062?
4
What is the ten thousands digit of 2784956164?
5
What is the units digit of 14791396?
6
What is the millions digit of 57697408?
7
What is the ten thousands digit of 12319548?
1
What is the hundreds digit of 730114473?
4
What is the ten millions digit of 561265672?
6
What is the tens digit of 13958746?
4
What is the billions digit of 1425189470?
1
What is the thousands digit of 315156492?
6
What is the thousands digit of 933991940?
1
What is the hundred thousands digit of 298026626?
0
What is the hundreds digit of 1026201348?
3
What is the tens digit of 3578553?
5
What is the tens digit of 166760151?
5
What is the hundreds digit of 3363813979?
9
What is the hundred thousands digit of 301753155?
7
What is the ten millions digit of 2917361128?
1
What is the tens digit of 714546532?
3
What is the thousands digit of 225898481?
8
What is the units digit of 511092976?
6
What is the hundred thousands digit of 307207828?
2
What is the billions digit of 3286156122?
3
What is the thousands digit of 26376787?
6
What is the hundred millions digit of 689397274?
6
What is the units digit of 12849979?
9
What is the ten millions digit of 1322318369?
2
What is the ten millions digit of 462303224?
6
What is the hundreds digit of 761882989?
9
What is the billions digit of 1684943840?
1
What is the millions digit of 797873181?
7
What is the ten thousands digit of 638910747?
1
What is the millions digit of 480058574?
0
What is the billions digit of 2362469542?
2
What is the hundreds digit of 460138488?
4
What is the hundred millions digit of 227334059?
2
What is the hundred millions digit of 2778910264?
7
What is the ten millions digit of 1764494638?
6
What is the ten thousands digit of 1074358426?
5
What is the hundred thousands digit of 35942136?
9
What is the tens digit of 379626780?
8
What is the units digit of 1228863640?
0
What is the ten millions digit of 439932451?
3
What is the millions digit of 78666743?
8
What is the hundred millions digit of 368880836?
3
What is the hundreds digit of 42982751?
7
What is the millions digit of 63886078?
3
What is the tens digit of 4836397?
9
What is the ten millions digit of 917079160?
1
What is the ten millions digit of 1638572026?
3
What is the ten millions digit of 367443522?
6
What is the hundreds digit of 195960312?
3
What is the tens digit of 1090959274?
7
What is the units digit of 39787019?
9
What is the hundred thousands digit of 517917140?
9
What is the ten millions digit of 47526849?
4
What is the thousands digit of 3346156024?
6
What is the units digit of 426735637?
7
What is the units digit of 278888838?
8
What is the hundred millions digit of 5264684838?
2
What is the hundreds digit of 369771664?
6
What is the hundred thousands digit of 950259699?
2
What is the hundred millions digit of 1648998080?
6
What is the hundreds digit of 965307112?
1
What is the millions digit of 83698565?
3
What is the ten millions digit of 89244839?
8
What is the millions digit of 13895730?
3
What is the hundred millions digit of 3526258056?
5
What is the ten millions digit of 1279507690?
7
What is the hundred millions digit of 579079834?
5
What is the tens digit of 66522643?
4
What is the ten thousands digit of 750678335?
7
What is the hundred thousands digit of 2273248583?
2
What is the hundred thousands digit of 111599358?
5
What is the ten thousands digit of 25153455?
5
What is the millions digit of 2786059657?
6
What is the hundreds digit of 52017471?
4
What is the ten thousands digit of 50913470?
1
What is the hundred millions digit of 2716465035?
7
What is the ten millions digit of 8127349046?
2
What is the ten thousands digit of 35259340?
5
What is the ten millions digit of 164326893?
6
What is the units digit of 72706868?
8
What is the thousands digit of 5446204081?
4
What is the hundreds digit of 446573080?
0
What is the hundred thousands digit of 24163018?
1
What is the hundred millions digit of 5327889585?
3
What is the tens digit of 9958469?
6
What is the ten thousands digit of 1169265288?
6
What is the thousands digit of 726673058?
3
What is the millions digit of 16031617?
6
What is the thousands digit of 1075468419?
8
What is the ten thousands digit of 3720646663?
4
What is the ten thousands digit of 469190888?
9
What is the hundreds digit of 243839969?
9
What is the ten millions digit of 4364190397?
6
What is the 